 of 1603 and w?
7
Let x = -198 + 201. Let k = -22 + 47. Suppose -43 = -5*n - x*r + k, -4 = r. What is the greatest common factor of n and 32?
16
Let a(n) = 94*n + 412. Let f be a(5). Calculate the greatest common factor of f and 54.
18
Suppose m + 2*g = 66, 198 = 3*m - 0*g + 3*g. What is the greatest common factor of m and 825?
33
Let j = 8054 + -6812. Calculate the greatest common factor of j and 276.
138
Suppose -3*n + 3 = 0, 2*i - i - 1 = -n. Let l(h) = 4*h + 17. Let m be l(i). Let p(d) = 64*d - 5. Let c be p(3). Calculate the highest common factor of c and m.
17
Let v be (832 - -8 - -8) + 9. Let u = v - 834. Calculate the greatest common factor of u and 529.
23
Let w(d) = -29*d**3 - 46*d**2 - 333*d + 34. Let f be w(-10). Calculate the greatest common factor of f and 66.
22
Let f(y) = 2*y**3 - y**2 - 3*y - 7. Let j be f(6). Let r = -265 + j. Calculate the greatest common factor of 371 and r.
53
Let r(d) = -d**3 + 12*d**2 - 23*d + 1. Let t be r(12). Let q = -184 - t. What is the greatest common factor of 156 and q?
13
Suppose -20 = 186*m - 190*m. Suppose 0 = -2*y + z + 308 + 12, 3*y - 473 = 5*z. Suppose -7*v = y - 441. Calculate the greatest common factor of m and v.
5
Let c be (4 - 70/15)*-1*6. Suppose 6*y = -q + y + 20, -c*y = q - 24. What is the highest common divisor of q and 70?
10
Let r(t) = t**3 + 17*t**2 + 3*t + 55. Let p be r(-17). Suppose p*z - 3*m - 2016 = -m, 2*z - 1020 = -2*m. What is the greatest common divisor of 138 and z?
46
Let l = 28638 + -16524. What is the greatest common divisor of 18 and l?
18
Suppose -4*x = -5*b + 39, -16 - 2 = -3*b - 3*x. Suppose 13 = 4*s + 5*k, 4 = k + b. Let y = -83 + 160. What is the highest common factor of s and y?
7
Let n = 1611 - 1345. Calculate the highest common divisor of 8 and n.
2
Let k(x) = -x**2 + 70*x + 36. Let b be k(68). What is the greatest common divisor of b and 12?
4
Let s be (-280)/(-2)*(-3)/9*(-11775)/1570. Calculate the highest common factor of s and 22.
2
Suppose 3 = 6*v - 3*v. Let t be (-35)/21 - 75/9. Let o be (-544)/170*t/4. What is the highest common divisor of o and v?
1
Suppose 5*l - u - 11433 = -458, -3*u - 6585 = -3*l. Let q be (-36)/(-162) - l/(-45). What is the greatest common factor of 21 and q?
7
Let j = -5245 + 5374. Calculate the greatest common factor of j and 39.
3
Let v be 1079/3 + 17/51. Suppose -3*n = 6, -5*b + 4*n + 238 = 5*n. What is the highest common divisor of b and v?
24
Suppose 0 = -159*j + 155*j + 3*t + 2251, 5*t + 2261 = 4*j. What is the greatest common divisor of 86 and j?
43
Let z be ((-474)/(-395))/(6/2680). Calculate the highest common divisor of 335 and z.
67
Suppose 31*x - 83 - 41 = 0. Let y(h) = 65*h + 85. Let i be y(x). Calculate the greatest common factor of 45 and i.
15
Let z = 10934 + -1661. What is the highest common divisor of 33 and z?
33
Let y = 331 - 328. Suppose -5*n = 4*w - 84, y*n + w - 52 = -3*w. Calculate the greatest common factor of 32 and n.
16
Let m(f) = f**2 + 3*f - 12. Let z be m(4). Let w = 637 + -141. What is the greatest common factor of w and z?
16
Let t be (5776/532)/(1/7). Suppose -57*d + t*d = 2261. What is the highest common divisor of d and 34?
17
Suppose 0 = -2*i - 3*i - l + 23, 5*i = -5*l + 35. Suppose 2*q = -0*q + i. Suppose -10*n + 6 = -8*n. Calculate the greatest common divisor of q and n.
1
Let h(m) = m**3 - 24*m**2 + 2*m - 46. Let k be h(24). Suppose -279 = -k*q - 0*u + u, 0 = -5*q - u + 715. Calculate the highest common factor of 213 and q.
71
Let y = -1677 - -1691. What is the highest common factor of 329 and y?
7
Let p = 61 - 65. Let g = p + 8. Suppose -5 = 3*j - g*j - y, 0 = 3*y. Calculate the highest common factor of j and 5.
5
Suppose 3*x = -4*p + 62, x - p = 3*p + 10. Let r be ((-1)/(-1) + -2)*-15. Suppose 2755 = r*h + 595. What is the greatest common divisor of x and h?
18
Suppose -15*c = -3025 + 550. Let m = -66 + c. What is the greatest common factor of 72 and m?
9
Let j(l) = l**3 - 11*l**2 + 17*l + 5. Let r be j(9). Let o be 7/(-2)*(r + 16/28). Calculate the highest common divisor of 444 and o.
12
Let x be (379 - -1) + 3/((-3)/2). Suppose 20*m - 22*m + x = 0. What is the highest common factor of m and 28?
7
Let r be (-3)/15 - (-76)/5. Let n(g) = -g**3 + 2*g**2 + 5*g. Let z be n(-2). Calculate the greatest common divisor of z and r.
3
Suppose 0 = 4*w - w - 12. Let x = 2057 - 1933. What is the greatest common divisor of w and x?
4
Let o be (9/2)/(17/(-2958)). Let i = o + 954. Let h = 2 - -17. What is the greatest common divisor of h and i?
19
Let y be 5/(10/4) - -4. Let m be 8/12 - (-188)/y. Let v = 14313 - 14185. Calculate the highest common factor of m and v.
32
Suppose -1 = -71*f + 70*f. Let k be 40 + 6 + f - -1. What is the highest common divisor of k and 108?
12
Let n(l) = l**3 - 8*l**2 - 10*l + 9. Let d be n(12). Let j = d - 445. Calculate the highest common factor of j and 50.
10
Suppose -a - 4*v - 1815 = -6*a, -3*a - v + 1089 = 0. Let b = 384 - a. Calculate the highest common divisor of b and 357.
21
Suppose -3*q + 25 = -8. Let v(p) = -p**3 + 10*p**2 + 13*p - 2. Let j be v(q). Let d be (3 - 1)/(2/12). What is the greatest common factor of j and d?
4
Let g be 18/4 - 329/94. Let i = 1 - 1. Suppose -r = i, 0*x + r + 7 = x. Calculate the greatest common factor of x and g.
1
Let v = -4572 + 4625. Suppose 0*j + 153 = 5*s + 2*j, 0 = -2*j + 8. Let z = v - s. What is the highest common divisor of z and 192?
24
Let g = 518 + -525. Suppose 5*b - 13 + 3 = 0. Let d be 154*2*(11/g + b). What is the greatest common factor of 12 and d?
12
Let f be ((-31)/(-2))/((-31)/(-62)). Let o = 92 - f. Calculate the greatest common factor of 244 and o.
61
Let h = -405 - -545. Let v be 10/(-7)*3850/(-55). Calculate the greatest common divisor of v and h.
20
Let g = 5 - 1. Suppose -18 = -5*o - g*o. Let l(x) = 31*x + 1. Let w be l(o). Calculate the greatest common divisor of 7 and w.
7
Suppose 0 = 5*n + 2*o - 14631, -3*n + 2*o - 4*o + 8773 = 0. What is the greatest common divisor of n and 261?
29
Let s(a) = -a - 6*a + 5*a - 10 + a**3 - 7*a + 4*a**2. Let w be s(-5). Let m be w/(-4)*-2*(-16)/(-5). Calculate the highest common divisor of 32 and m.
16
Let x = 25302 - 25290. Let f = -16 - -28. Calculate the highest common divisor of f and x.
12
Suppose -14*v + 1086 = -818. Suppose 8*u - v = 32. What is the greatest common factor of u and 3?
3
Suppose -26205 + 872 = -93*m + 37721. What is the greatest common divisor of 48 and m?
6
Suppose -6*w = -35 - 43. Let g = 130 - w. What is the highest common divisor of 27 and g?
9
Let g = 3159 - 3147. Calculate the highest common factor of g and 6528.
12
Let p = -50 - -45. Let q be (-3)/(-15)*-2 + (-2)/p. Suppose -f + 3 = 3*s + 2*s, q = 4*s. What is the highest common divisor of 45 and f?
3
Suppose 0*t = 17*t + 17. Let g be (-2 - (t - 4)) + 39. Calculate the greatest common factor of 3 and g.
3
Let d be 718/4 + (-45)/(-30). Let r = d + -170. Let k(p) = 5*p**2 - 8*p + 3. Let i be k(5). What is the greatest common divisor of r and i?
11
Suppose -v + a - 251 = 0, 0 = -5*v - 17*a + 20*a - 1251. Let b = v + 417. What is the highest common divisor of 126 and b?
42
Let m be 3 + 118*(-2)/(-4). Let l be 4/3 - (-325)/(-39). Let y = l + m. What is the highest common factor of y and 605?
55
Suppose 4 = 3*d - 2, -1190 = -5*p + 5*d. Let n be 5/3 + (-2635)/(-93). What is the greatest common divisor of p and n?
30
Let w be 22/4 - 1/(-2). Suppose -w*j + j + l = -46, -l + 44 = 4*j. Calculate the greatest common factor of j and 250.
10
Suppose -3*u = -5*q + 48, -4*q = 5*u - u - 64. What is the greatest common factor of q and 486?
6
Suppose 2*f + 34 - 182 = 0. Let t = f - -14. Let o(w) = -7*w**3 + 1. Let q be o(-1). What is the highest common factor of t and q?
8
Let u = -284 + 593. Suppose -b + 6*b - 5*c - 395 = 0, 4*b - u = -3*c. Calculate the highest common divisor of b and 260.
26
Let b be (6/(-7))/(6/(-588)). Let o be -27 - ((-24)/(-4))/2. Let s = o + b. Calculate the greatest common divisor of s and 72.
18
Let y be (-28)/20 - 28854/(-3435). Suppose 4*k + 4*z = 36, -k - 3*z + 5 - 6 = 0. Calculate the highest common factor of y and k.
7
Suppose r + 14 = 3*r. Suppose -5663 = -24*d - 383. Let n be (1 - (-1)/3)*165/d. What is the highest common factor of n and r?
1
Let v be 6/27 - (-500)/180. Let l 